f 72581?
2
What is the tens digit of 1331?
3
What is the units digit of 34028?
8
What is the hundreds digit of 840?
8
What is the hundreds digit of 23718?
7
What is the ten thousands digit of 38532?
3
What is the thousands digit of 1456?
1
What is the hundreds digit of 17552?
5
What is the tens digit of 361?
6
What is the units digit of 726?
6
What is the thousands digit of 4399?
4
What is the units digit of 27?
7
What is the hundreds digit of 1842?
8
What is the thousands digit of 96980?
6
What is the units digit of 2246?
6
What is the tens digit of 7370?
7
What is the units digit of 5825?
5
What is the hundreds digit of 633?
6
What is the units digit of 139003?
3
What is the hundreds digit of 9361?
3
What is the units digit of 292?
2
What is the thousands digit of 51869?
1
What is the hundreds digit of 2698?
6
What is the ten thousands digit of 143086?
4
What is the hundred thousands digit of 111326?
1
What is the thousands digit of 89798?
9
What is the hundreds digit of 1668?
6
What is the hundreds digit of 8342?
3
What is the tens digit of 197?
9
What is the tens digit of 73580?
8
What is the thousands digit of 4864?
4
What is the hundreds digit of 19224?
2
What is the hundreds digit of 15360?
3
What is the tens digit of 2272?
7
What is the hundreds digit of 3239?
2
What is the tens digit of 14361?
6
What is the hundreds digit of 9932?
9
What is the thousands digit of 2456?
2
What is the thousands digit of 1307?
1
What is the hundreds digit of 956?
9
What is the hundreds digit of 496?
4
What is the units digit of 124?
4
What is the tens digit of 187412?
1
What is the tens digit of 31466?
6
What is the hundreds digit of 1720?
7
What is the tens digit of 6143?
4
What is the thousands digit of 1265?
1
What is the units digit of 54787?
7
What is the hundreds digit of 6225?
2
What is the thousands digit of 2865?
2
What is the thousands digit of 41699?
1
What is the tens digit of 104?
0
What is the thousands digit of 19197?
9
What is the tens digit of 108195?
9
What is the hundreds digit of 32532?
5
What is the tens digit of 22844?
4
What is the units digit of 466?
6
What is the hundreds digit of 3793?
7
What is the tens digit of 227?
2
What is the tens digit of 78225?
2
What is the units digit of 2439?
9
What is the thousands digit of 100196?
0
What is the ten thousands digit of 25588?
2
What is the hundreds digit of 1616?
6
What is the tens digit of 149?
4
What is the hundreds digit of 11289?
2
What is the units digit of 597?
7
What is the units digit of 8376?
6
What is the tens digit of 890?
9
What is the thousands digit of 82384?
2
What is the hundreds digit of 59318?
3
What is the units digit of 91?
1
What is the units digit of 1714?
4
What is the hundreds digit of 2834?
8
What is the units digit of 212?
2
What is the units digit of 8268?
8
What is the units digit of 397?
7
What is the tens digit of 193?
9
What is the units digit of 64338?
8
What is the thousands digit of 15619?
5
What is the hundreds digit of 714?
7
What is the tens digit of 2101?
0
What is the tens digit of 26901?
0
What is the thousands digit of 12274?
2
What is the units digit of 50?
0
What is the units digit of 2977?
7
What is the hundreds digit of 894?
8
What is the tens digit of 7023?
2
What is the hundreds digit of 1470?
4
What is the ten thousands digit of 12231?
1
What is the thousands digit of 7269?
7
What is the hundreds digit of 713?
7
What is the units digit of 113939?
9
What is the tens digit of 5539?
3
What is the ten thousands digit of 16332?
1
What is the thousands digit of 55057?
5
What is the tens digit of 647?
4
What is the thousands digit of 105815?
5
What is the ten thousands digit of 52845?
5
What is the hundred thousands digit of 142074?
1
What is the tens digit of 4189?
8
What is the hundreds digit of 64578?
5
What is the tens digit of 349?
4
What is the thousands digit of 48237?
8
What is the units digit of 2049?
9
What is the tens digit of 156592?
9
What is the thousands digit of 9039?
9
What is the units digit of 4532?
2
What is the tens digit of 132?
3
What is the units digit of 14450?
0
What is the hundreds digit of 317?
3
What is the thousands digit of 6809?
6
What is the units digit of 3677?
7
What is the tens digit of 4020?
2
What is the units digit of 112661?
1
What is the hundreds digit of 20506?
5
What is the units digit of 48462?
2
What is the hundreds digit of 32029?
0
What is the units digit of 13595?
5
What is the ten thousands digit of 60148?
6
What is the hundreds digit of 658?
6
What is the thousands digit of 3953?
3
What is the ten thousands digit of 48447?
4
What is the thousands digit of 6195?
6
What is the hundreds digit of 15371?
3
What is the units digit of 66071?
1
What is the hundreds digit of 11886?
8
What is the hundreds digit of 323?
3
What is the thousands digit of 34230?
4
What is the hundreds digit of 512?
5
What is the units digit of 4398?
8
What is the units digit of 2362?
2
What is the ten thousands digit of 19056?
1
What is the thousands digit of 2770?
2
What is the tens digit of 81027?
2
What is the units digit of 1446?
6
What is the tens digit of 60?
6
What is the hundreds digit of 2940?
9
What is the units digit of 3465?
5
What is the units digit of 1302?
2
What is the hundreds digit of 33485?
4
What is the hundreds digit of 5062?
0
What is the hundred thousands digit of 151710?
1
What is the units digit of 4887?
7
What is the thousands digit of 1837?
1
What is the hundreds digit of 4658?
6
What is the ten thousands digit of 14227?
1
What is the hundreds digit of 42717?
7
What is the units digit of 476?
6
What is the ten thousands digit of 13698?
1
What is the tens digit of 97963?
6
What is the ten thousands digit of 36863?
3
What is the units digit of 6347?
7
What is the units digit of 1?
1
What is the hundreds digit of 2802?
8
What is the ten thousands digit of 15667?
1
What is the tens digit of 2646?
4
What is the thousands digit of 1966?
1
What is the hundreds digit of 4738?
7
What is the hundreds digit of 48195?
1
What is the units digit of 7020?
0
What is the units digit of 15815?
5
What is the tens digit of 988?
8
What is the units digit of 27828?
8
What is the tens digit of 44888?
8
What is the hundreds digit of 490?
4
What is the units digit of 3339?
9
What is the tens digit of 355?
5
What is the thousands digit of 1934?
1
What is the units digit of 54260?
0
What is the tens digit of 681?
8
What is the hundreds digit of 20800?
8
What is the tens digit of 3144?
4
What is the thousands digit of 4122?
4
What is the units digit of 5134?
4
What is the units digit of 182729?
9
What is the tens digit of 86893?
9
What is the tens digit of 6881?
8
What is the hundreds digit of 27178?
1
What is the tens digit of 2346?
4
What is the units digit of 2078?
8
What is the hundreds digit of 637?
6
What is the thousands digit of 1646?
1
What is the units digit of 3996?
6
What is the tens digit of 863?
6
What is the thousands digit of 48264?
8
What is the thousands digit of 155829?
5
What is the units digit of 232?
2
What is the ten thousands digit of 12170?
1
What is the units digit of 2642?
2
What is the units digit of 3045?
5
What is the tens digit of 11401?
0
What is the tens digit of 6113?
1
What is the hundred thousands digit of 136030?
1
What is the units digit of 7996?
6
What is the tens digit of 6051?
5
What is the tens digit of 3513?
1
What is the tens digit of 2110?
1
What is the tens digit of 16763?
6
What is the hundreds digit of 6643?
6
What is the units digit of 36816?
6
What is the thousands digit of 2771?
2
What is the hundreds digit of 5214?
2
What is the thousands digit of 2063?
2
What is the hundreds digit of 3292?
2
What is the tens digit of 111788?
8
What is the tens digit of 66191?
9
What is the thousands digit of 2119?
2
What is the units digit of 20466?
6
What is the hundreds digit of 1611?
6
What is the ten thousands digit of 66094?
6
What is the hundreds digit of 5836?
8
What is the hundreds digit of 245?
2
What is the units digit of 27539?
9
What is the units digit of 30997?
7
What is the hundreds digit of 124425?
4
What is the units digit of 2127?
7
What is the ten thousands digit of 88771?
8
What is the thousands digit of 9879?
9
What is the units digit of 5184?
4
What is the tens digi